{"id":45,"date":"2024-10-10T18:38:04","date_gmt":"2024-10-10T18:38:04","guid":{"rendered":"https:\/\/cypplg.iuandalucia.org\/?page_id=45"},"modified":"2024-10-15T19:35:22","modified_gmt":"2024-10-15T17:35:22","slug":"pasando","status":"publish","type":"page","link":"https:\/\/cypplg.iuandalucia.org\/index.php\/pasando\/","title":{"rendered":"\u00bfQu\u00e9 est\u00e1 pasando?"},"content":{"rendered":"\t\t<div data-elementor-type=\"wp-page\" data-elementor-id=\"45\" class=\"elementor elementor-45\">\n\t\t\t\t<div class=\"elementor-element elementor-element-f809215 e-flex e-con-boxed e-con e-parent\" data-id=\"f809215\" data-element_type=\"container\" data-e-type=\"container\">\n\t\t\t\t\t<div class=\"e-con-inner\">\n\t\t\t\t<div class=\"elementor-element elementor-element-71f1dd5 elementor-widget elementor-widget-heading\" data-id=\"71f1dd5\" data-element_type=\"widget\" data-e-type=\"widget\" data-widget_type=\"heading.default\">\n\t\t\t\t<div class=\"elementor-widget-container\">\n\t\t\t\t\t<span class=\"elementor-heading-title elementor-size-default\">\u00bfQu\u00e9 est\u00e1 ocurriendo en las ciudades y pueblos de Andaluc\u00eda?<\/span>\t\t\t\t<\/div>\n\t\t\t\t<\/div>\n\t\t\t\t<div class=\"elementor-element elementor-element-a22b4d6 elementor-widget elementor-widget-text-editor\" data-id=\"a22b4d6\" data-element_type=\"widget\" data-e-type=\"widget\" data-widget_type=\"text-editor.default\">\n\t\t\t\t<div class=\"elementor-widget-container\">\n\t\t\t\t\t\t\t\t\t<p><strong>El negocio de unos pocos<\/strong> pone en tela de juicio nuestro derecho al territorio y con \u00e9l, nuestras vidas. Los efectos sociales, econ\u00f3micos y medioambientales que genera el sistema neoliberal en general y los procesos de gentrificaci\u00f3n tur\u00edstica y acumulaci\u00f3n\/especulaci\u00f3n de la propiedad en particular, tienen su respuesta directa en cuanto a <strong>una merma en las condiciones materiales de vida<\/strong> de la gente, \u00a0<strong>siendo la vivienda la de mayor expresi\u00f3n, pero tambi\u00e9n unas ciudades inhabitables y unos pueblos inhabitados. <\/strong><\/p><p>Desde Izquierda Unida impugnamos ese modelo &#8211; turistificaci\u00f3n, gentrificaci\u00f3n, acumulaci\u00f3n especulativa de bienes y territorios de primera vs territorios de tercera- del que s\u00f3lo se benefician los m\u00e1s ricos a los que gobiernos como el andaluz s\u00f3lo hace ponerles alfombras rojas haciendo insostenible nuestras vidas.<\/p>\t\t\t\t\t\t\t\t<\/div>\n\t\t\t\t<\/div>\n\t\t\t\t<div class=\"elementor-element elementor-element-2140e03 elementor-widget elementor-widget-n-accordion\" data-id=\"2140e03\" data-element_type=\"widget\" data-e-type=\"widget\" data-settings=\"{&quot;default_state&quot;:&quot;all_collapsed&quot;,&quot;max_items_expended&quot;:&quot;multiple&quot;,&quot;n_accordion_animation_duration&quot;:{&quot;unit&quot;:&quot;ms&quot;,&quot;size&quot;:400,&quot;sizes&quot;:[]}}\" data-widget_type=\"nested-accordion.default\">\n\t\t\t\t<div class=\"elementor-widget-container\">\n\t\t\t\t\t\t\t<div class=\"e-n-accordion\" aria-label=\"Accordion. Open links with Enter or Space, close with Escape, and navigate with Arrow Keys\">\n\t\t\t\t\t\t<details id=\"e-n-accordion-item-3480\" class=\"e-n-accordion-item\" >\n\t\t\t\t<summary class=\"e-n-accordion-item-title\" data-accordion-index=\"1\" tabindex=\"0\" aria-expanded=\"false\" aria-controls=\"e-n-accordion-item-3480\" >\n\t\t\t\t\t<span class='e-n-accordion-item-title-header'><div class=\"e-n-accordion-item-title-text\"> Turistificaci\u00f3n: los efectos de un modelo tur\u00edstico insostenible <\/div><\/span>\n\t\t\t\t\t\t\t<span class='e-n-accordion-item-title-icon'>\n\t\t\t<span class='e-opened' ><svg aria-hidden=\"true\" class=\"e-font-icon-svg e-fas-minus\" viewBox=\"0 0 448 512\" xmlns=\"http:\/\/www.w3.org\/2000\/svg\"><path d=\"M416 208H32c-17.67 0-32 14.33-32 32v32c0 17.67 14.33 32 32 32h384c17.67 0 32-14.33 32-32v-32c0-17.67-14.33-32-32-32z\"><\/path><\/svg><\/span>\n\t\t\t<span class='e-closed'><svg aria-hidden=\"true\" class=\"e-font-icon-svg e-fas-plus\" viewBox=\"0 0 448 512\" xmlns=\"http:\/\/www.w3.org\/2000\/svg\"><path d=\"M416 208H272V64c0-17.67-14.33-32-32-32h-32c-17.67 0-32 14.33-32 32v144H32c-17.67 0-32 14.33-32 32v32c0 17.67 14.33 32 32 32h144v144c0 17.67 14.33 32 32 32h32c17.67 0 32-14.33 32-32V304h144c17.67 0 32-14.33 32-32v-32c0-17.67-14.33-32-32-32z\"><\/path><\/svg><\/span>\n\t\t<\/span>\n\n\t\t\t\t\t\t<\/summary>\n\t\t\t\t<div role=\"region\" aria-labelledby=\"e-n-accordion-item-3480\" class=\"elementor-element elementor-element-b0831b5 e-con-full e-flex e-con e-child\" data-id=\"b0831b5\" data-element_type=\"container\" data-e-type=\"container\">\n\t\t\t\t<div class=\"elementor-element elementor-element-62a9133 elementor-widget elementor-widget-text-editor\" data-id=\"62a9133\" data-element_type=\"widget\" data-e-type=\"widget\" data-widget_type=\"text-editor.default\">\n\t\t\t\t<div class=\"elementor-widget-container\">\n\t\t\t\t\t\t\t\t\t<p>Los efectos directos que est\u00e1n teniendo en nuestras ciudades la turistificaci\u00f3n s\u00f3lo es la punta del iceberg de lo que siempre hemos analizado como la cara B del turismo. Un modelo de turismo, el actual, basado en la sobre-explotaci\u00f3n del mismo que nada tiene que ver con un de Turismo Justo desde los puntos de vista econ\u00f3mico -redistribuci\u00f3n de la riqueza-, social -compatible con derechos como el de la vivienda o el de la ciudad\/barrio-, medioambiental, adaptando la actividad econ\u00f3mica a la realidad de emergencia clim\u00e1tica y laboral, frente a la precariedad: derechos y salarios dignos, impugnatorio del actual modelo tur\u00edstico insostenible e incompatible con la vida.\u00a0<\/p><h4>Efectos de la turistificaci\u00f3n en el acceso de derechos fundamentales.\u00a0La vivienda.\u00a0<\/h4><p>Hay datos que de una manera totalmente abrumadora ponen de manifiesto que la turistificaci\u00f3n y en concreto la proliferaci\u00f3n de las viviendas de uso tur\u00edstico (VUT) -ante la que el Gobierno de la Junta de Andaluc\u00eda se inhibe de actuar limitando su uso- tiene ning\u00fan tiene unos efectos directos en las condiciones materiales de vida de la gente expuls\u00e1ndolo de sus barrios y alej\u00e1ndolos del acceso a servicios fundamentales, principalmente el de la vivienda.<\/p><p>En la actualidad, hay ciudades con m\u00e1s del 20% de la oferta de alquiler para uso tur\u00edstico, lo que eleva los precios de alquiler residencial a m\u00e1s de 1.500 \u20ac, por encima del salario medio en Andaluc\u00eda. Unas consecuencias que sufren tanto quienes quieren seguir viviendo o vivir en las ciudades o aquellos que temporalmente necesitan por trabajo o estudio vivir en las capitales.<\/p><p>En definitiva, junto a <strong>la inacci\u00f3n en la articulaci\u00f3n de pol\u00edticas en materia de vivienda y la dejaci\u00f3n en la proliferaci\u00f3n de las viviendas de uso tur\u00edstico<\/strong> se ponen en tela de juicio <strong>derechos fundamentales como el de la vivienda, el del trabajo o el del que las hijas e hijos de la clase obrera vayan a la universidad<\/strong>.<\/p><h4>Insostenibilidad medioambiental:<\/h4><p>Un claro ejemplo lo tenemos en un asunto que en el contexto actual no podemos olvidar como es el de la sequ\u00eda que pone de manifiesto la insostenibilidad del actual modelo turismo con una situaci\u00f3n de emergencia clim\u00e1tica. El impacto del Turismo en cuanto al consumo de agua es evidente. Seg\u00fan los datos de la Mesa Social del Agua sobre el consumo por persona y d\u00eda establece que el consume medio de un habitante local es de 137 l mientras que el consumo medio del turista es de 300 l.<\/p><p>Las medidas del ejecutivo andaluz, competente en las materias (agua y turismo), no dejan de ser mirar hacia otro lado, al igual que se hace a nivel general fomentando un modelo econ\u00f3mico\/productivo que lleva consigo un uso abusivo de un bien finito. Una ejemplificaci\u00f3n de eso es c\u00f3mo en un momento de crisis h\u00eddrica que no es nueva, que viene de lejos, se aprueba una ley de (des)ordenaci\u00f3n urban\u00edstica, la LISTA, en la que entre otros se desregulariza la obligaci\u00f3n del informe h\u00eddrico para las promociones inmobiliarias como las de los grandes complejos tur\u00edsticos.<\/p><h4>Precariedad laboral en un sector de bajo valor a\u00f1adido y nula redistribuci\u00f3n de los beneficios:<\/h4><p>En un marco en el que la necesidad m\u00e1xima es el desarrollo de un cambio del modelo productivo que salve la gran dependencia al sector servicios en general y el turismo en particular, no podemos dejar de se\u00f1alar aquellas cuestiones directamente econ\u00f3micas y laborales de un sector clave para el PIB Andaluz y sobre todo para muchas casas andaluzas.<\/p><p>El actual modelo tur\u00edstico, en el que el Gobierno Andaluz solo se basa en las cifras \u201crecord\u201d, muestras sus costuras incluso en sus propios l\u00edmites. En 2023 con un aumento del sector que se situ\u00f3 en torno al 10% s\u00f3lo hubo de media un incremento del 2,5% del empleo que genera. Un empleo que sigue siendo -a pesar de haberse reducido la temporalidad en un 40% desde la entrada en vigor de la reforma laboral- precario tanto en t\u00e9rminos de temporalidad, parcialidad como de bajos salarios, y con episodios nada espor\u00e1dicos de aut\u00e9ntica explotaci\u00f3n laboral como aquel del trabaja 12 horas, cobrando 8 y cotizando 4.<\/p>\t\t\t\t\t\t\t\t<\/div>\n\t\t\t\t<\/div>\n\t\t\t\t<\/div>\n\t\t\t\t\t<\/details>\n\t\t\t\t\t\t<details id=\"e-n-accordion-item-3481\" class=\"e-n-accordion-item\" >\n\t\t\t\t<summary class=\"e-n-accordion-item-title\" data-accordion-index=\"2\" tabindex=\"-1\" aria-expanded=\"false\" aria-controls=\"e-n-accordion-item-3481\" >\n\t\t\t\t\t<span class='e-n-accordion-item-title-header'><div class=\"e-n-accordion-item-title-text\"> Gentrificaci\u00f3n Tur\u00edstica: <\/div><\/span>\n\t\t\t\t\t\t\t<span class='e-n-accordion-item-title-icon'>\n\t\t\t<span class='e-opened' ><svg aria-hidden=\"true\" class=\"e-font-icon-svg e-fas-minus\" viewBox=\"0 0 448 512\" xmlns=\"http:\/\/www.w3.org\/2000\/svg\"><path d=\"M416 208H32c-17.67 0-32 14.33-32 32v32c0 17.67 14.33 32 32 32h384c17.67 0 32-14.33 32-32v-32c0-17.67-14.33-32-32-32z\"><\/path><\/svg><\/span>\n\t\t\t<span class='e-closed'><svg aria-hidden=\"true\" class=\"e-font-icon-svg e-fas-plus\" viewBox=\"0 0 448 512\" xmlns=\"http:\/\/www.w3.org\/2000\/svg\"><path d=\"M416 208H272V64c0-17.67-14.33-32-32-32h-32c-17.67 0-32 14.33-32 32v144H32c-17.67 0-32 14.33-32 32v32c0 17.67 14.33 32 32 32h144v144c0 17.67 14.33 32 32 32h32c17.67 0 32-14.33 32-32V304h144c17.67 0 32-14.33 32-32v-32c0-17.67-14.33-32-32-32z\"><\/path><\/svg><\/span>\n\t\t<\/span>\n\n\t\t\t\t\t\t<\/summary>\n\t\t\t\t<div role=\"region\" aria-labelledby=\"e-n-accordion-item-3481\" class=\"elementor-element elementor-element-4d3f8fb e-con-full e-flex e-con e-child\" data-id=\"4d3f8fb\" data-element_type=\"container\" data-e-type=\"container\">\n\t\t\t\t<div class=\"elementor-element elementor-element-09de140 elementor-widget elementor-widget-text-editor\" data-id=\"09de140\" data-element_type=\"widget\" data-e-type=\"widget\" data-widget_type=\"text-editor.default\">\n\t\t\t\t<div class=\"elementor-widget-container\">\n\t\t\t\t\t\t\t\t\t<p>La gentrificaci\u00f3n, agravada por las consecuencias de la masificaci\u00f3n tur\u00edstica, a partir de la cual la poblaci\u00f3n se ve expulsada de, primero los centros hist\u00f3ricos y luego directamente de sus ciudades. La conversi\u00f3n de los centros hist\u00f3ricos en parques tem\u00e1ticos hacen directamente que sea incompatible con la vida: puede ser el divertido pasar una noche, pero \u00a1no se puede vivir en un centro comercial!. Adem\u00e1s de los problemas sociales (d\u00e9ficit en acceso a derechos fundamentales como la vivienda) y econ\u00f3micos (muerte del comercio tradicional y de barrio) provoca una <strong>p\u00e9rdida de identidad, costumbres, redes comunitarias convirtiendo nuestras ciudades en \u201cno lugares\u201d<\/strong> donde el entorno\/escaparate es lo importante y la ciudadan\u00eda pasa a tener nulo protagonismo en la construcci\u00f3n de los barrios como espacios habitables.<\/p><h4>Barrios sin vecindad<\/h4><p>El derecho a la ciudad, a nuestros barrios, se pone en tela de juicio con los procesos de gentrificaci\u00f3n que alejan directamente a la poblaci\u00f3n residente principalmente de los centros hist\u00f3ricos de las grandes ciudades debido ya no solo al aumento de los precios destinados a la vivienda, que tambi\u00e9n, sino a un proceso en el que se produce un desplazamiento de la poblaci\u00f3n residente al verse que no se cubren las necesidades b\u00e1sicas de vida, que van desde el acceso a servicios y suministros vitales b\u00e1sicos, como a derechos fundamentales como el derecho al descanso o el disfrute de las v\u00edas y espacios p\u00fablicos de su barrio.<\/p><h4>Comercios sin alma:<\/h4><p>Estos procesos desplazan los comercios tradicionales, aquellos que no solo aseguran el acceso a bienes necesarios a la poblaci\u00f3n que mantiene su residencia, sino que son parte del patrimonio cultural y la memoria colectiva de las ciudades: de la heterogeneidad minorista a comercios sin rostro, de negocios familiares aut\u00f3nomos o microempresas a grupos empresariales que explotan, en sentido amplio, varios negocios.<\/p>\t\t\t\t\t\t\t\t<\/div>\n\t\t\t\t<\/div>\n\t\t\t\t<\/div>\n\t\t\t\t\t<\/details>\n\t\t\t\t\t\t<details id=\"e-n-accordion-item-3482\" class=\"e-n-accordion-item\" >\n\t\t\t\t<summary class=\"e-n-accordion-item-title\" data-accordion-index=\"3\" tabindex=\"-1\" aria-expanded=\"false\" aria-controls=\"e-n-accordion-item-3482\" >\n\t\t\t\t\t<span class='e-n-accordion-item-title-header'><div class=\"e-n-accordion-item-title-text\"> Pueblos\/Barrios de primera y de tercera: <\/div><\/span>\n\t\t\t\t\t\t\t<span class='e-n-accordion-item-title-icon'>\n\t\t\t<span class='e-opened' ><svg aria-hidden=\"true\" class=\"e-font-icon-svg e-fas-minus\" viewBox=\"0 0 448 512\" xmlns=\"http:\/\/www.w3.org\/2000\/svg\"><path d=\"M416 208H32c-17.67 0-32 14.33-32 32v32c0 17.67 14.33 32 32 32h384c17.67 0 32-14.33 32-32v-32c0-17.67-14.33-32-32-32z\"><\/path><\/svg><\/span>\n\t\t\t<span class='e-closed'><svg aria-hidden=\"true\" class=\"e-font-icon-svg e-fas-plus\" viewBox=\"0 0 448 512\" xmlns=\"http:\/\/www.w3.org\/2000\/svg\"><path d=\"M416 208H272V64c0-17.67-14.33-32-32-32h-32c-17.67 0-32 14.33-32 32v144H32c-17.67 0-32 14.33-32 32v32c0 17.67 14.33 32 32 32h144v144c0 17.67 14.33 32 32 32h32c17.67 0 32-14.33 32-32V304h144c17.67 0 32-14.33 32-32v-32c0-17.67-14.33-32-32-32z\"><\/path><\/svg><\/span>\n\t\t<\/span>\n\n\t\t\t\t\t\t<\/summary>\n\t\t\t\t<div role=\"region\" aria-labelledby=\"e-n-accordion-item-3482\" class=\"elementor-element elementor-element-3d1ca18 e-con-full e-flex e-con e-child\" data-id=\"3d1ca18\" data-element_type=\"container\" data-e-type=\"container\">\n\t\t\t\t<div class=\"elementor-element elementor-element-b59bbe5 elementor-widget elementor-widget-text-editor\" data-id=\"b59bbe5\" data-element_type=\"widget\" data-e-type=\"widget\" data-widget_type=\"text-editor.default\">\n\t\t\t\t<div class=\"elementor-widget-container\">\n\t\t\t\t\t\t\t\t\t<p>Vivir en un pueblo o en una ciudad, en un barrio u otro, determina en gran medida las condiciones materiales de vida de la poblaci\u00f3n.\u00a0 No debemos entrar en el romanticismo de <strong>donde se puede vivir mejor<\/strong>, sino <strong>donde se tiene acceso<\/strong> -m\u00e1s o menos directo, m\u00e1s o menos cercano, o incluso si existen o no- a <strong>las pol\u00edticas y servicios p\u00fablicos con las que se deber\u00edan garantizar esas condiciones materiales de vida en t\u00e9rminos de igualdad en el conjunto de la poblaci\u00f3n.<\/strong><\/p><h4>Vaciado de las zonas rurales:<\/h4><p>El 54, % de los Municipios andaluces han perdido poblaci\u00f3n desde el a\u00f1o 2000 y casi el 80% de los municipios menores de 2.000 habitantes disminuyen su poblaci\u00f3n desde principios de siglo. No es nada casual, es un problema estructural que son intr\u00ednsecas al modelo centro-periferia del Sistema en el que los recursos de todo tipo-trabajo, capital o materias primas- y tambi\u00e9n poblaci\u00f3n fluyen dese la periferia al centro.<\/p><p>Esta relaci\u00f3n desigual entre el centro -en el caso andaluz las capitales de provincia\/comarca y el litoral- y la periferia -las zonas rurales de interior- se ven agravadas por tres cuestiones fundamentales. Por un lado el <strong>d\u00e9ficit de los servicios p\u00fablicos<\/strong> -el modelo Moreno Bonilla de desangrar lo p\u00fablico para engordar lo privado hace que lo que es deterioro en las ciudades se convierta en desaparici\u00f3n de servicios fundamentales en el medio rural-; <strong>la situaci\u00f3n de las comunicaciones<\/strong> tanto viarias\/ferroviarias como digitales; como <strong>la falta de empleo<\/strong>: vivimos donde trabajamos o donde tenemos m\u00e1s perspectivas de trabajar.<\/p>\t\t\t\t\t\t\t\t<\/div>\n\t\t\t\t<\/div>\n\t\t\t\t<\/div>\n\t\t\t\t\t<\/details>\n\t\t\t\t\t\t<details id=\"e-n-accordion-item-3483\" class=\"e-n-accordion-item\" >\n\t\t\t\t<summary class=\"e-n-accordion-item-title\" data-accordion-index=\"4\" tabindex=\"-1\" aria-expanded=\"false\" aria-controls=\"e-n-accordion-item-3483\" >\n\t\t\t\t\t<span class='e-n-accordion-item-title-header'><div class=\"e-n-accordion-item-title-text\"> Especulaci\u00f3n\/concentraci\u00f3n de la propiedad: <\/div><\/span>\n\t\t\t\t\t\t\t<span class='e-n-accordion-item-title-icon'>\n\t\t\t<span class='e-opened' ><svg aria-hidden=\"true\" class=\"e-font-icon-svg e-fas-minus\" viewBox=\"0 0 448 512\" xmlns=\"http:\/\/www.w3.org\/2000\/svg\"><path d=\"M416 208H32c-17.67 0-32 14.33-32 32v32c0 17.67 14.33 32 32 32h384c17.67 0 32-14.33 32-32v-32c0-17.67-14.33-32-32-32z\"><\/path><\/svg><\/span>\n\t\t\t<span class='e-closed'><svg aria-hidden=\"true\" class=\"e-font-icon-svg e-fas-plus\" viewBox=\"0 0 448 512\" xmlns=\"http:\/\/www.w3.org\/2000\/svg\"><path d=\"M416 208H272V64c0-17.67-14.33-32-32-32h-32c-17.67 0-32 14.33-32 32v144H32c-17.67 0-32 14.33-32 32v32c0 17.67 14.33 32 32 32h144v144c0 17.67 14.33 32 32 32h32c17.67 0 32-14.33 32-32V304h144c17.67 0 32-14.33 32-32v-32c0-17.67-14.33-32-32-32z\"><\/path><\/svg><\/span>\n\t\t<\/span>\n\n\t\t\t\t\t\t<\/summary>\n\t\t\t\t<div role=\"region\" aria-labelledby=\"e-n-accordion-item-3483\" class=\"elementor-element elementor-element-fdce573 e-flex e-con-boxed e-con e-child\" data-id=\"fdce573\" data-element_type=\"container\" data-e-type=\"container\">\n\t\t\t\t\t<div class=\"e-con-inner\">\n\t\t\t\t<div class=\"elementor-element elementor-element-027f060 elementor-widget elementor-widget-text-editor\" data-id=\"027f060\" data-element_type=\"widget\" data-e-type=\"widget\" data-widget_type=\"text-editor.default\">\n\t\t\t\t<div class=\"elementor-widget-container\">\n\t\t\t\t\t\t\t\t\t<p><strong>La acumulaci\u00f3n de propiedades con fines especulativos<\/strong>, con los mismos actores, se circunscriben en las ciudades a los grandes tenedores de viviendas y en los municipios a los <strong>fondos buitres<\/strong> que acaparan tierras (y derechos derivados de las mismas) acelerando los procesos de <strong>uberizaci\u00f3n del campo<\/strong> donde residen gran parte de los problemas de la agricultura\/ganader\u00eda tradicional y provoca enormes transformaciones sociales, econ\u00f3micas y paisaj\u00edsticas en el medio rural andaluz as\u00ed <strong>como las grandes el\u00e9ctricas<\/strong> que con las mismas bases especulativas que el sector inmobiliario y sin ninguna regulaci\u00f3n control, impulsan <strong>megaproyectos de renovables<\/strong> en las que tanto el c\u00f3mo y el d\u00f3nde no viene supeditado por cuestiones medioambientales sino \u00fanicamente por al rentabilidad econ\u00f3mica.<\/p><h4>Grandes tenedores de vivienda:<\/h4><p>Se entiende por <strong>gran tenedor<\/strong>, as\u00ed lo estipula la \u00faltima ley de vivienda estatal, aquellos propietarios <strong>con al menos 10 viviendas<\/strong> (cinco si est\u00e1n en \u00e1reas tensionadas) o m\u00e1s de 1.500 metros cuadrados. En Andaluc\u00eda, a pesar de estipularlo la mencionada ley de vivienda a la que Moreno Bonilla ya ha dejado claro que se va a mostrar insumiso, no hay un registro oficial sobre este asunto, pero el desde el Sindicato de Inquilinos calculan que son m\u00e1s de <strong>20.000 caseros en Andaluc\u00eda con estas condiciones<\/strong>, \u201csobre todo en Sevilla, M\u00e1laga y Granada\u201d, que tendr\u00edan topado en un 3% el m\u00e1ximo que pueden subirle la renta a sus inquilinos pasada la pr\u00f3rroga vigente hasta 2024.<\/p><h4>La uberificaci\u00f3n del campo:<\/h4><p>Un estudio de la COAG, \u201c<a href=\"https:\/\/coag.org\/post\/la-uberizacion-del-campo-espanol-286547#:~:text=LA%20%22UBERIZACI%C3%93N%22%20DEL%20CAMPO%20ESPA%C3%91OL.\">la uberizaci\u00f3n del campo espa\u00f1ol<\/a>\u201d, nos sirve de gu\u00eda para conocer el proceso que desde Izquierda Unida venimos alertando desde hace a\u00f1os, en el que <strong>el aterrizaje de fondos buitres provoca la expulsi\u00f3n de la agricultura y ganader\u00eda tradicional<\/strong>, tanto de sus actores mayoritariamente representados por peque\u00f1as y medianas explotaciones, en su mayor\u00eda familiares, aut\u00e9ntico pulm\u00f3n econ\u00f3mico y social en el medio rural y dique de contenci\u00f3n contrala <strong>despoblaci\u00f3n<\/strong>, como de sus usos, favoreciendo la proliferaci\u00f3n de <strong>usos intensivos y s\u00faperintensivos<\/strong> en el sector agroalimentario que requieren un uso igualmente intensivo de recursos como puede ser el del <strong>agua<\/strong>.<\/p><h4>La especulaci\u00f3n pintada de verde:<\/h4><p>La apuesta por las renovables no es una opci\u00f3n, es una obligaci\u00f3n, no obstante, su desarrollo debe realizarse sobre las bases de la regulaci\u00f3n y no desde la especulaci\u00f3n que es la protagonista del proceso que se est\u00e1 produciendo en la proliferaci\u00f3n de macroproyectos de renovables en el que las grandes multinacionales son las que marcan el ritmo de la implantaci\u00f3n de las infraestructuras necesarias principalmente en cuanto al c\u00f3mo, como en el d\u00f3nde.<\/p><p><strong>\u201cRenovables s\u00ed, pero no as\u00ed\u201d, es un principio que hacemos nuestro<\/strong> que comparte adem\u00e1s la esencia de toda la campa\u00f1a en la que ni mucho menos nos oponemos al avance, la transformaci\u00f3n. Sino que lo que queremos es que las mismas sean compatibles con la vida de todos y no determinada por el negocio de unos pocos.<\/p>\t\t\t\t\t\t\t\t<\/div>\n\t\t\t\t<\/div>\n\t\t\t\t\t<\/div>\n\t\t\t\t<\/div>\n\t\t\t\t\t<\/details>\n\t\t\t\t\t<\/div>\n\t\t\t\t\t\t<\/div>\n\t\t\t\t<\/div>\n\t\t\t\t\t<\/div>\n\t\t\t\t<\/div>\n\t\t\t\t<\/div>\n\t\t","protected":false},"excerpt":{"rendered":"<p>\u00bfQu\u00e9 est\u00e1 ocurriendo en las ciudades y pueblos de Andaluc\u00eda? El negocio de unos pocos pone en tela de juicio nuestro derecho al territorio y con \u00e9l, nuestras vidas. Los efectos sociales, econ\u00f3micos y medioambientales que genera el sistema neoliberal &hellip; <a href=\"https:\/\/cypplg.iuandalucia.org\/index.php\/pasando\/\">Sigue leyendo <span class=\"meta-nav\">&rarr;<\/span><\/a><\/p>\n","protected":false},"author":1,"featured_media":0,"parent":0,"menu_order":0,"comment_status":"closed","ping_status":"closed","template":"","meta":{"footnotes":""},"class_list":["post-45","page","type-page","status-publish","hentry"],"_links":{"self":[{"href":"https:\/\/cypplg.iuandalucia.org\/index.php\/wp-json\/wp\/v2\/pages\/45","targetHints":{"allow":["GET"]}}],"collection":[{"href":"https:\/\/cypplg.iuandalucia.org\/index.php\/wp-json\/wp\/v2\/pages"}],"about":[{"href":"https:\/\/cypplg.iuandalucia.org\/index.php\/wp-json\/wp\/v2\/types\/page"}],"author":[{"embeddable":true,"href":"https:\/\/cypplg.iuandalucia.org\/index.php\/wp-json\/wp\/v2\/users\/1"}],"replies":[{"embeddable":true,"href":"https:\/\/cypplg.iuandalucia.org\/index.php\/wp-json\/wp\/v2\/comments?post=45"}],"version-history":[{"count":38,"href":"https:\/\/cypplg.iuandalucia.org\/index.php\/wp-json\/wp\/v2\/pages\/45\/revisions"}],"predecessor-version":[{"id":443,"href":"https:\/\/cypplg.iuandalucia.org\/index.php\/wp-json\/wp\/v2\/pages\/45\/revisions\/443"}],"wp:attachment":[{"href":"https:\/\/cypplg.iuandalucia.org\/index.php\/wp-json\/wp\/v2\/media?parent=45"}],"curies":[{"name":"wp","href":"https:\/\/api.w.org\/{rel}","templated":true}]}}