{"id":282,"date":"2024-10-13T20:09:24","date_gmt":"2024-10-13T18:09:24","guid":{"rendered":"https:\/\/cypplg.iuandalucia.org\/?page_id=282"},"modified":"2024-10-25T22:26:22","modified_gmt":"2024-10-25T20:26:22","slug":"adhesiones","status":"publish","type":"page","link":"https:\/\/cypplg.iuandalucia.org\/index.php\/manifiesto\/adhesiones\/","title":{"rendered":"Adhesiones"},"content":{"rendered":"\t\t<div data-elementor-type=\"wp-page\" data-elementor-id=\"282\" class=\"elementor elementor-282\">\n\t\t\t\t<div class=\"elementor-element elementor-element-01ef009 e-flex e-con-boxed e-con e-parent\" data-id=\"01ef009\" data-element_type=\"container\" data-e-type=\"container\">\n\t\t\t\t\t<div class=\"e-con-inner\">\n\t\t\t\t<div class=\"elementor-element elementor-element-6c0d48b elementor-widget elementor-widget-heading\" data-id=\"6c0d48b\" data-element_type=\"widget\" data-e-type=\"widget\" data-widget_type=\"heading.default\">\n\t\t\t\t<div class=\"elementor-widget-container\">\n\t\t\t\t\t<span class=\"elementor-heading-title elementor-size-default\">Adhesiones al Manifiesto<\/span>\t\t\t\t<\/div>\n\t\t\t\t<\/div>\n\t\t\t\t<div class=\"elementor-element elementor-element-3c854be elementor-widget elementor-widget-text-editor\" data-id=\"3c854be\" data-element_type=\"widget\" data-e-type=\"widget\" data-widget_type=\"text-editor.default\">\n\t\t\t\t<div class=\"elementor-widget-container\">\n\t\t\t\t\t\t\t\t\t<p>Adhesiones an\u00f3nimas: <strong>20<\/strong><\/p>\t\t\t\t\t\t\t\t<\/div>\n\t\t\t\t<\/div>\n\t\t\t\t<div class=\"elementor-element elementor-element-472d018 elementor-widget__width-inherit elementor-widget elementor-widget-shortcode\" data-id=\"472d018\" data-element_type=\"widget\" data-e-type=\"widget\" data-widget_type=\"shortcode.default\">\n\t\t\t\t<div class=\"elementor-widget-container\">\n\t\t\t\t\t\t\t<div class=\"elementor-shortcode\">\n    <div class=\"wpdt-c \">\n    \n<input type=\"hidden\" id=\"wdtNonceFrontendEdit\" name=\"wdtNonceFrontendEdit\" value=\"da28aef254\" \/><input type=\"hidden\" name=\"_wp_http_referer\" value=\"\/index.php\/wp-json\/wp\/v2\/pages\/282\" \/>    <input type=\"hidden\" id=\"table_1_desc\" value='{\"tableId\":\"table_1\",\"tableType\":\"xls\",\"selector\":\"#table_1\",\"responsive\":true,\"responsiveAction\":\"icon\",\"infoBlock\":true,\"pagination\":1,\"paginationAlign\":\"right\",\"paginationLayout\":\"full_numbers\",\"paginationLayoutMobile\":\"simple\",\"file_location\":\"wp_media_lib\",\"table_wcag\":0,\"simple_template_id\":0,\"scrollable\":true,\"globalSearch\":false,\"showRowsPerPage\":false,\"hideBeforeLoad\":true,\"pagination_top\":0,\"number_format\":1,\"decimalPlaces\":2,\"spinnerSrc\":\"https:\\\/\\\/cypplg.iuandalucia.org\\\/wp-content\\\/plugins\\\/wpdatatables\\\/assets\\\/\\\/img\\\/spinner.gif\",\"groupingEnabled\":false,\"tableWpId\":3,\"dataTableParams\":{\"sDom\":\"BT\\u003C\\u0027clear\\u0027\\u003E\\u003C\\u0027wdtscroll\\u0027t\\u003Eip\",\"bSortCellsTop\":false,\"bPaginate\":true,\"sPaginationType\":\"full_numbers\",\"aLengthMenu\":[[1,5,10,25,50,100,-1],[1,5,10,25,50,100,\"All\"]],\"iDisplayLength\":50,\"columnDefs\":[{\"sType\":\"string\",\"wdtType\":\"string\",\"bVisible\":true,\"orderable\":true,\"searchable\":true,\"InputType\":\"text\",\"name\":\"Nombre\",\"origHeader\":\"Nombre\",\"notNull\":false,\"conditionalFormattingRules\":[],\"className\":\" column-nombre\",\"aTargets\":[0]},{\"sType\":\"string\",\"wdtType\":\"string\",\"bVisible\":true,\"orderable\":true,\"searchable\":true,\"InputType\":\"text\",\"name\":\"Apellidos\",\"origHeader\":\"Apellidos\",\"notNull\":false,\"conditionalFormattingRules\":[],\"className\":\" column-apellidos\",\"aTargets\":[1]},{\"sType\":\"string\",\"wdtType\":\"string\",\"bVisible\":true,\"orderable\":true,\"searchable\":true,\"InputType\":\"text\",\"name\":\"Municipio\",\"origHeader\":\"Municipio\",\"notNull\":false,\"conditionalFormattingRules\":[],\"className\":\" column-municipio\",\"aTargets\":[2]},{\"sType\":\"string\",\"wdtType\":\"string\",\"bVisible\":true,\"orderable\":true,\"searchable\":true,\"InputType\":\"text\",\"name\":\"Provincia\",\"origHeader\":\"Provincia\",\"notNull\":false,\"conditionalFormattingRules\":[],\"className\":\" column-provincia\",\"aTargets\":[3]}],\"bAutoWidth\":false,\"order\":[[0,\"asc\"]],\"ordering\":true,\"buttons\":[],\"oSearch\":{\"bSmart\":false,\"bRegex\":false,\"sSearch\":\"\"}},\"currentSkin\":\"skin1\",\"tabletWidth\":\"1024\",\"mobileWidth\":\"480\",\"columnsFixed\":0,\"timeFormat\":\"h:i A\",\"datepickFormat\":\"dd\\\/mm\\\/yy\"}'\/>\n\n    <table id=\"table_1\"\n           class=\"scroll           responsive           display nowrap data-t wpDataTable wpDataTableID-3\"\n           style=\"display: none; \"\n           data-described-by='table_1_desc'\n           data-wpdatatable_id=\"3\">\n        \n        <!-- Table header -->\n        \n<thead>\n<tr>\n                    <th\n        data-class=\"expand\"                class=\" wdtheader sort \"\n        style=\"\">Nombre<\/th>        <th\n                        class=\" wdtheader sort \"\n        style=\"\">Apellidos<\/th>        <th\n                        class=\" wdtheader sort \"\n        style=\"\">Municipio<\/th>        <th\n                        class=\" wdtheader sort \"\n        style=\"\">Provincia<\/th>    <\/tr>\n<\/thead>\n        <!-- \/Table header -->\n\n        <!-- Table body -->\n        \n<tbody>\n        <tr id=\"table_3_row_0\">\n                    <td style=\"\">Ernesto<\/td>\n                    <td style=\"\">Alba Aragon<\/td>\n                    <td style=\"\">M\u00e1laga<\/td>\n                    <td style=\"\">M\u00e1laga<\/td>\n            <\/tr>\n            <tr id=\"table_3_row_1\">\n                    <td style=\"\">Juan<\/td>\n                    <td style=\"\">Alba Ramos<\/td>\n                    <td style=\"\">Gines<\/td>\n                    <td style=\"\">Sevilla<\/td>\n            <\/tr>\n            <tr id=\"table_3_row_2\">\n                    <td style=\"\">Juan Manuel<\/td>\n                    <td style=\"\">Al\u00edas Al\u00edas<\/td>\n                    <td style=\"\">Andujar<\/td>\n                    <td style=\"\">Ja\u00e9n<\/td>\n            <\/tr>\n            <tr id=\"table_3_row_3\">\n                    <td style=\"\">Francisco David<\/td>\n                    <td style=\"\">Anguita Arance<\/td>\n                    <td style=\"\">Bail\u00e9n<\/td>\n                    <td style=\"\">Ja\u00e9n<\/td>\n            <\/tr>\n            <tr id=\"table_3_row_4\">\n                    <td style=\"\">Mercedes<\/td>\n                    <td style=\"\">Basilio D\u00edaz<\/td>\n                    <td style=\"\">Cabra<\/td>\n                    <td style=\"\">C\u00f3rdoba<\/td>\n            <\/tr>\n            <tr id=\"table_3_row_5\">\n                    <td style=\"\">Ana<\/td>\n                    <td style=\"\">Benitez L\u00f3pez<\/td>\n                    <td style=\"\">Dos hermanas<\/td>\n                    <td style=\"\">Sevilla<\/td>\n            <\/tr>\n            <tr id=\"table_3_row_6\">\n                    <td style=\"\">Ram\u00f3n<\/td>\n                    <td style=\"\">Berraquero Garc\u00eda<\/td>\n                    <td style=\"\">Sevilla<\/td>\n                    <td style=\"\">Almer\u00eda<\/td>\n            <\/tr>\n            <tr id=\"table_3_row_7\">\n                    <td style=\"\">Manuel<\/td>\n                    <td style=\"\">Camacho Buenosvinos<\/td>\n                    <td style=\"\">Andujar<\/td>\n                    <td style=\"\">Ja\u00e9n<\/td>\n            <\/tr>\n            <tr id=\"table_3_row_8\">\n                    <td style=\"\">Antonia<\/td>\n                    <td style=\"\">Claros Atencia<\/td>\n                    <td style=\"\">Torrox<\/td>\n                    <td style=\"\">M\u00e1laga<\/td>\n            <\/tr>\n            <tr id=\"table_3_row_9\">\n                    <td style=\"\">Marisa<\/td>\n                    <td style=\"\">Fern\u00e1ndez Valera<\/td>\n                    <td style=\"\">Huelma<\/td>\n                    <td style=\"\">Ja\u00e9n<\/td>\n            <\/tr>\n            <tr id=\"table_3_row_10\">\n                    <td style=\"\">Leocadio<\/td>\n                    <td style=\"\">Fern\u00e1ndez Garc\u00eda<\/td>\n                    <td style=\"\">Huelma<\/td>\n                    <td style=\"\">Ja\u00e9n<\/td>\n            <\/tr>\n            <tr id=\"table_3_row_11\">\n                    <td style=\"\">Javier<\/td>\n                    <td style=\"\">Galvan reina<\/td>\n                    <td style=\"\">Dos hermanas<\/td>\n                    <td style=\"\">Sevilla<\/td>\n            <\/tr>\n            <tr id=\"table_3_row_12\">\n                    <td style=\"\">Fran<\/td>\n                    <td style=\"\">Garc\u00eda Parejo<\/td>\n                    <td style=\"\">Dos Hermanas<\/td>\n                    <td style=\"\">Sevilla<\/td>\n            <\/tr>\n            <tr id=\"table_3_row_13\">\n                    <td style=\"\">Antonio<\/td>\n                    <td style=\"\">G\u00f3mez Rivera<\/td>\n                    <td style=\"\">C\u00f3rdoba<\/td>\n                    <td style=\"\">C\u00f3rdoba<\/td>\n            <\/tr>\n            <tr id=\"table_3_row_14\">\n                    <td style=\"\">Juan Francisco<\/td>\n                    <td style=\"\">Gonz\u00e1lez Salguero<\/td>\n                    <td style=\"\">Dos Hermanas<\/td>\n                    <td style=\"\">Sevilla<\/td>\n            <\/tr>\n            <tr id=\"table_3_row_15\">\n                    <td style=\"\">Pedro<\/td>\n                    <td style=\"\">Gonzalo Palomares<\/td>\n                    <td style=\"\">Sevilla<\/td>\n                    <td style=\"\">Sevilla<\/td>\n            <\/tr>\n            <tr id=\"table_3_row_16\">\n                    <td style=\"\">Miguel Antonio<\/td>\n                    <td style=\"\">Guerrero Larios<\/td>\n                    <td style=\"\">Sevilla<\/td>\n                    <td style=\"\">Sevilla<\/td>\n            <\/tr>\n            <tr id=\"table_3_row_17\">\n                    <td style=\"\">Puri<\/td>\n                    <td style=\"\">Jim\u00e9nez de la Torre<\/td>\n                    <td style=\"\">And\u00fajar<\/td>\n                    <td style=\"\">Ja\u00e9n<\/td>\n            <\/tr>\n            <tr id=\"table_3_row_18\">\n                    <td style=\"\">Manuel<\/td>\n                    <td style=\"\">Lay Begines<\/td>\n                    <td style=\"\">Dos Hermanas<\/td>\n                    <td style=\"\">Sevilla<\/td>\n            <\/tr>\n            <tr id=\"table_3_row_19\">\n                    <td style=\"\">Manuel<\/td>\n                    <td style=\"\">Leon S\u00e1nchez<\/td>\n                    <td style=\"\">Sevilla<\/td>\n                    <td style=\"\">Sevilla<\/td>\n            <\/tr>\n            <tr id=\"table_3_row_20\">\n                    <td style=\"\">Francisca<\/td>\n                    <td style=\"\">L\u00f3pez Adame<\/td>\n                    <td style=\"\">Dos Hermanas<\/td>\n                    <td style=\"\">Sevilla<\/td>\n            <\/tr>\n            <tr id=\"table_3_row_21\">\n                    <td style=\"\">Jos\u00e9 Manuel<\/td>\n                    <td style=\"\">L\u00f3pez Adame<\/td>\n                    <td style=\"\">Dos Hermanas<\/td>\n                    <td style=\"\">Sevilla<\/td>\n            <\/tr>\n            <tr id=\"table_3_row_22\">\n                    <td style=\"\">Francisca<\/td>\n                    <td style=\"\">L\u00f3pez Arias<\/td>\n                    <td style=\"\">Huelma<\/td>\n                    <td style=\"\">Ja\u00e9n<\/td>\n            <\/tr>\n            <tr id=\"table_3_row_23\">\n                    <td style=\"\">Sebasti\u00e1n<\/td>\n                    <td style=\"\">L\u00f3pez Mateos<\/td>\n                    <td style=\"\">Villatorres<\/td>\n                    <td style=\"\">Ja\u00e9n<\/td>\n            <\/tr>\n            <tr id=\"table_3_row_24\">\n                    <td style=\"\">Francisco Jos\u00e9<\/td>\n                    <td style=\"\">L\u00f3pez Ruano<\/td>\n                    <td style=\"\">And\u00fajar<\/td>\n                    <td style=\"\">Ja\u00e9n<\/td>\n            <\/tr>\n            <tr id=\"table_3_row_25\">\n                    <td style=\"\">Juan<\/td>\n                    <td style=\"\">M\u00e1rquez Torres<\/td>\n                    <td style=\"\">\u00c1lora<\/td>\n                    <td style=\"\">M\u00e1laga<\/td>\n            <\/tr>\n            <tr id=\"table_3_row_26\">\n                    <td style=\"\">Francisco<\/td>\n                    <td style=\"\">Mart\u00edn Mart\u00edn<\/td>\n                    <td style=\"\">V\u00e9lez de Benaudalla<\/td>\n                    <td style=\"\">Granada<\/td>\n            <\/tr>\n            <tr id=\"table_3_row_27\">\n                    <td style=\"\">Bartolom\u00e9<\/td>\n                    <td style=\"\">Mateos Moreno<\/td>\n                    <td style=\"\">Villatorres<\/td>\n                    <td style=\"\">Ja\u00e9n<\/td>\n            <\/tr>\n            <tr id=\"table_3_row_28\">\n                    <td style=\"\">Aylen<\/td>\n                    <td style=\"\">Mendoza Franco<\/td>\n                    <td style=\"\">Dos Hermanas<\/td>\n                    <td style=\"\">Sevilla<\/td>\n            <\/tr>\n            <tr id=\"table_3_row_29\">\n                    <td style=\"\">Marta<\/td>\n                    <td style=\"\">Molina Fern\u00e1ndez<\/td>\n                    <td style=\"\">Benal\u00faa<\/td>\n                    <td style=\"\">Granada<\/td>\n            <\/tr>\n            <tr id=\"table_3_row_30\">\n                    <td style=\"\">Juan<\/td>\n                    <td style=\"\">Molina Morales<\/td>\n                    <td style=\"\">Cabra<\/td>\n                    <td style=\"\">C\u00f3rdoba<\/td>\n            <\/tr>\n            <tr id=\"table_3_row_31\">\n                    <td style=\"\">Paula<\/td>\n                    <td style=\"\">Moreno<\/td>\n                    <td style=\"\">Cabra<\/td>\n                    <td style=\"\">C\u00f3rdoba<\/td>\n            <\/tr>\n            <tr id=\"table_3_row_32\">\n                    <td style=\"\">Yolanda<\/td>\n                    <td style=\"\">Moya P\u00e9rez<\/td>\n                    <td style=\"\">Padul<\/td>\n                    <td style=\"\">Granada<\/td>\n            <\/tr>\n            <tr id=\"table_3_row_33\">\n                    <td style=\"\">Beatriz<\/td>\n                    <td style=\"\">Mut Gonzalez<\/td>\n                    <td style=\"\">Ronda<\/td>\n                    <td style=\"\">M\u00e1laga<\/td>\n            <\/tr>\n            <tr id=\"table_3_row_34\">\n                    <td style=\"\">Jo\u00b4se<\/td>\n                    <td style=\"\">Navarrete P\u00e9rez<\/td>\n                    <td style=\"\">Dos Hermanas<\/td>\n                    <td style=\"\">Sevilla<\/td>\n            <\/tr>\n            <tr id=\"table_3_row_35\">\n                    <td style=\"\">Manuel<\/td>\n                    <td style=\"\">N\u00fa\u00f1ez Sanju\u00e1n<\/td>\n                    <td style=\"\">Marbella<\/td>\n                    <td style=\"\">M\u00e1laga<\/td>\n            <\/tr>\n            <tr id=\"table_3_row_36\">\n                    <td style=\"\">Angel<\/td>\n                    <td style=\"\">Olmos Mata<\/td>\n                    <td style=\"\">M\u00e1laga<\/td>\n                    <td style=\"\">M\u00e1laga<\/td>\n            <\/tr>\n            <tr id=\"table_3_row_37\">\n                    <td style=\"\">Emilio Jos\u00e9<\/td>\n                    <td style=\"\">Ortega Bueno<\/td>\n                    <td style=\"\">Torredonjimeno<\/td>\n                    <td style=\"\">Ja\u00e9n<\/td>\n            <\/tr>\n            <tr id=\"table_3_row_38\">\n                    <td style=\"\">Jer\u00f3nimo<\/td>\n                    <td style=\"\">P\u00e9rez exposito<\/td>\n                    <td style=\"\">Andujar<\/td>\n                    <td style=\"\">Ja\u00e9n<\/td>\n            <\/tr>\n            <tr id=\"table_3_row_39\">\n                    <td style=\"\">Carmen<\/td>\n                    <td style=\"\">P\u00e9rez Garc\u00eda<\/td>\n                    <td style=\"\">Dos Hermanas<\/td>\n                    <td style=\"\">Sevilla<\/td>\n            <\/tr>\n            <tr id=\"table_3_row_40\">\n                    <td style=\"\">David<\/td>\n                    <td style=\"\">Robles<\/td>\n                    <td style=\"\">Gerena<\/td>\n                    <td style=\"\">Sevilla<\/td>\n            <\/tr>\n            <tr id=\"table_3_row_41\">\n                    <td style=\"\">Mar\u00eda Luisa<\/td>\n                    <td style=\"\">Rodas Mu\u00f1oz<\/td>\n                    <td style=\"\">Montilla<\/td>\n                    <td style=\"\">C\u00f3rdoba<\/td>\n            <\/tr>\n            <tr id=\"table_3_row_42\">\n                    <td style=\"\">Alfredo<\/td>\n                    <td style=\"\">Rodr\u00edguez Casany<\/td>\n                    <td style=\"\">Sevilla<\/td>\n                    <td style=\"\">Sevilla<\/td>\n            <\/tr>\n            <tr id=\"table_3_row_43\">\n                    <td style=\"\">M\u00f3nica<\/td>\n                    <td style=\"\">Rossi Palomar<\/td>\n                    <td style=\"\">Huelva<\/td>\n                    <td style=\"\">Huelva<\/td>\n            <\/tr>\n            <tr id=\"table_3_row_44\">\n                    <td style=\"\">V\u00edctor Manuel<\/td>\n                    <td style=\"\">Ruiz Gonz\u00e1lez<\/td>\n                    <td style=\"\">Punta Umbr\u00eda<\/td>\n                    <td style=\"\">Huelva<\/td>\n            <\/tr>\n            <tr id=\"table_3_row_45\">\n                    <td style=\"\">Ismael<\/td>\n                    <td style=\"\">S\u00e1nchez Castillo<\/td>\n                    <td style=\"\">Sevilla<\/td>\n                    <td style=\"\">Sevilla<\/td>\n            <\/tr>\n            <tr id=\"table_3_row_46\">\n                    <td style=\"\">Sebasti\u00e1n<\/td>\n                    <td style=\"\">S\u00e1nchez Reyes<\/td>\n                    <td style=\"\">Sevilla<\/td>\n                    <td style=\"\">Sevilla<\/td>\n            <\/tr>\n            <tr id=\"table_3_row_47\">\n                    <td style=\"\">Rafael<\/td>\n                    <td style=\"\">S\u00e1nchez Rufo<\/td>\n                    <td style=\"\">aljaraque<\/td>\n                    <td style=\"\">Huelva<\/td>\n            <\/tr>\n            <tr id=\"table_3_row_48\">\n                    <td style=\"\">Manuel<\/td>\n                    <td style=\"\">Tamaj\u00f3n Velasco<\/td>\n                    <td style=\"\">Dos Hermanas<\/td>\n                    <td style=\"\">Sevilla<\/td>\n            <\/tr>\n            <tr id=\"table_3_row_49\">\n                    <td style=\"\">Rosario<\/td>\n                    <td style=\"\">Vallejo Espinilla<\/td>\n                    <td style=\"\">Baza<\/td>\n                    <td style=\"\">Granada<\/td>\n            <\/tr>\n    <\/tbody>        <!-- \/Table body -->\n\n        \n    <\/table>\n\n        <span class=\"powered_by_link d-block m-l-10 m-t-10 m-b-10\">Generated by <a href=\"https:\/\/wpdatatables.com\" rel=\"nofollow\" target=\"_blank\">wpDataTables<\/a><\/span>\n<\/div><style>\ntable.wpDataTable td.numdata { text-align: right !important; }\n<\/style>\n<\/div>\n\t\t\t\t\t\t<\/div>\n\t\t\t\t<\/div>\n\t\t\t\t\t<\/div>\n\t\t\t\t<\/div>\n\t\t\t\t<\/div>\n\t\t","protected":false},"excerpt":{"rendered":"<p>Adhesiones al Manifiesto Adhesiones an\u00f3nimas: 20<\/p>\n","protected":false},"author":1,"featured_media":0,"parent":26,"menu_order":0,"comment_status":"closed","ping_status":"closed","template":"","meta":{"footnotes":""},"class_list":["post-282","page","type-page","status-publish","hentry"],"_links":{"self":[{"href":"https:\/\/cypplg.iuandalucia.org\/index.php\/wp-json\/wp\/v2\/pages\/282","targetHints":{"allow":["GET"]}}],"collection":[{"href":"https:\/\/cypplg.iuandalucia.org\/index.php\/wp-json\/wp\/v2\/pages"}],"about":[{"href":"https:\/\/cypplg.iuandalucia.org\/index.php\/wp-json\/wp\/v2\/types\/page"}],"author":[{"embeddable":true,"href":"https:\/\/cypplg.iuandalucia.org\/index.php\/wp-json\/wp\/v2\/users\/1"}],"replies":[{"embeddable":true,"href":"https:\/\/cypplg.iuandalucia.org\/index.php\/wp-json\/wp\/v2\/comments?post=282"}],"version-history":[{"count":49,"href":"https:\/\/cypplg.iuandalucia.org\/index.php\/wp-json\/wp\/v2\/pages\/282\/revisions"}],"predecessor-version":[{"id":547,"href":"https:\/\/cypplg.iuandalucia.org\/index.php\/wp-json\/wp\/v2\/pages\/282\/revisions\/547"}],"up":[{"embeddable":true,"href":"https:\/\/cypplg.iuandalucia.org\/index.php\/wp-json\/wp\/v2\/pages\/26"}],"wp:attachment":[{"href":"https:\/\/cypplg.iuandalucia.org\/index.php\/wp-json\/wp\/v2\/media?parent=282"}],"curies":[{"name":"wp","href":"https:\/\/api.w.org\/{rel}","templated":true}]}}