{"id":20,"date":"2024-10-10T18:16:51","date_gmt":"2024-10-10T18:16:51","guid":{"rendered":"https:\/\/cypplg.iuandalucia.org\/?page_id=20"},"modified":"2024-10-15T19:32:24","modified_gmt":"2024-10-15T17:32:24","slug":"presentacion","status":"publish","type":"page","link":"https:\/\/cypplg.iuandalucia.org\/","title":{"rendered":"Presentaci\u00f3n de la Campa\u00f1a"},"content":{"rendered":"\t\t<div data-elementor-type=\"wp-page\" data-elementor-id=\"20\" class=\"elementor elementor-20\">\n\t\t\t\t<div class=\"elementor-element elementor-element-6953b7f e-flex e-con-boxed e-con e-parent\" data-id=\"6953b7f\" data-element_type=\"container\" data-e-type=\"container\">\n\t\t\t\t\t<div class=\"e-con-inner\">\n\t\t\t\t<div class=\"elementor-element elementor-element-94ffb73 elementor-widget elementor-widget-heading\" data-id=\"94ffb73\" data-element_type=\"widget\" data-e-type=\"widget\" data-widget_type=\"heading.default\">\n\t\t\t\t<div class=\"elementor-widget-container\">\n\t\t\t\t\t<span class=\"elementor-heading-title elementor-size-default\">Presentaci\u00f3n de la Campa\u00f1a<\/span>\t\t\t\t<\/div>\n\t\t\t\t<\/div>\n\t\t\t\t<div class=\"elementor-element elementor-element-a732257 elementor-widget elementor-widget-text-editor\" data-id=\"a732257\" data-element_type=\"widget\" data-e-type=\"widget\" data-widget_type=\"text-editor.default\">\n\t\t\t\t<div class=\"elementor-widget-container\">\n\t\t\t\t\t\t\t\t\t<p>Izquierda Unida, dentro del objetivo m\u00e1ximo de ser y participar en el conflicto, no puede mantenerse ajena a los movimientos que se est\u00e1n dando, principalmente en las grandes ciudades en torno a los efectos en cuanto a las condiciones materiales de vida -siendo la vivienda la mayor expresi\u00f3n- de la mayor\u00eda social que da lugar los procesos de turistificaci\u00f3n, as\u00ed como olvidar el mar de fondo que siempre hemos ido poniendo de manifiesto como el vaciado de las zonas rurales o la discriminaci\u00f3n por barrios, que tienen como elemento com\u00fan la contradicci\u00f3n capital\/territorio.<\/p><p>La defensa de Ciudades y Pueblos donde en el centro se ponga la VIDA de la mayor\u00eda social frente al negocio de unos pocos es la respuesta en positivo a todos los problemas sociales, econ\u00f3micos, medioambientales y laborales que genera el sistema neoliberal en general y los procesos de gentrificaci\u00f3n tur\u00edstica y acumulaci\u00f3n\/especulaci\u00f3n de las propiedades en particular es el hilo central de una campa\u00f1a impugnatoria a ese modelo del que solo se benefician los m\u00e1s ricos a los que gobiernos como el andaluz s\u00f3lo hace ponerles alfombras rojas.<\/p><p>Ponemos en marcha una campa\u00f1a que defienda la vida de la gente frente al negocio de unos pocos, en la que se anclen aquellas cuestiones que ponen en riesgo unas condiciones materiales de vida digna como la turistificaci\u00f3n, gentrificaci\u00f3n, acumulaci\u00f3n especulativa de bienes y territorios de primera vs territorios de tercera como elementos centrales de la misma estando abierta a otras expresiones m\u00e1s sectoriales\/territoriales que se pueda dar a lo largo de la misma.<\/p>\t\t\t\t\t\t\t\t<\/div>\n\t\t\t\t<\/div>\n\t\t\t\t<div class=\"elementor-element elementor-element-a9a66b6 elementor-widget elementor-widget-video\" data-id=\"a9a66b6\" data-element_type=\"widget\" data-e-type=\"widget\" data-settings=\"{&quot;youtube_url&quot;:&quot;https:\\\/\\\/www.youtube.com\\\/embed\\\/5m0aqbG8rO8?si=nLPRAtyXgw4dum8m&quot;,&quot;yt_privacy&quot;:&quot;yes&quot;,&quot;video_type&quot;:&quot;youtube&quot;,&quot;controls&quot;:&quot;yes&quot;}\" data-widget_type=\"video.default\">\n\t\t\t\t<div class=\"elementor-widget-container\">\n\t\t\t\t\t\t\t<div class=\"elementor-wrapper elementor-open-inline\">\n\t\t\t<div class=\"elementor-video\"><\/div>\t\t<\/div>\n\t\t\t\t\t\t<\/div>\n\t\t\t\t<\/div>\n\t\t\t\t\t<\/div>\n\t\t\t\t<\/div>\n\t\t\t\t<\/div>\n\t\t","protected":false},"excerpt":{"rendered":"<p>Presentaci\u00f3n de la Campa\u00f1a Izquierda Unida, dentro del objetivo m\u00e1ximo de ser y participar en el conflicto, no puede mantenerse ajena a los movimientos que se est\u00e1n dando, principalmente en las grandes ciudades en torno a los efectos en cuanto &hellip; <a href=\"https:\/\/cypplg.iuandalucia.org\/\">Sigue leyendo <span class=\"meta-nav\">&rarr;<\/span><\/a><\/p>\n","protected":false},"author":1,"featured_media":0,"parent":0,"menu_order":0,"comment_status":"closed","ping_status":"closed","template":"","meta":{"footnotes":""},"class_list":["post-20","page","type-page","status-publish","hentry"],"_links":{"self":[{"href":"https:\/\/cypplg.iuandalucia.org\/index.php\/wp-json\/wp\/v2\/pages\/20","targetHints":{"allow":["GET"]}}],"collection":[{"href":"https:\/\/cypplg.iuandalucia.org\/index.php\/wp-json\/wp\/v2\/pages"}],"about":[{"href":"https:\/\/cypplg.iuandalucia.org\/index.php\/wp-json\/wp\/v2\/types\/page"}],"author":[{"embeddable":true,"href":"https:\/\/cypplg.iuandalucia.org\/index.php\/wp-json\/wp\/v2\/users\/1"}],"replies":[{"embeddable":true,"href":"https:\/\/cypplg.iuandalucia.org\/index.php\/wp-json\/wp\/v2\/comments?post=20"}],"version-history":[{"count":32,"href":"https:\/\/cypplg.iuandalucia.org\/index.php\/wp-json\/wp\/v2\/pages\/20\/revisions"}],"predecessor-version":[{"id":431,"href":"https:\/\/cypplg.iuandalucia.org\/index.php\/wp-json\/wp\/v2\/pages\/20\/revisions\/431"}],"wp:attachment":[{"href":"https:\/\/cypplg.iuandalucia.org\/index.php\/wp-json\/wp\/v2\/media?parent=20"}],"curies":[{"name":"wp","href":"https:\/\/api.w.org\/{rel}","templated":true}]}}